 - (-16)/6. Suppose 2*b + p - 29 = 0, -3*b = -2*b + u*p - 12. What are the prime factors of b?
3, 5
Let c = -16 + 44. Let i be 5/2*(-2 + c). Let w = -46 + i. What are the prime factors of w?
19
Let x = 14106 - 9415. List the prime factors of x.
4691
Let v be (-3)/6*(2 + -60). Let x = v + -24. Suppose -x*i = 5*b - 245, 34 = b + 3*i - 13. List the prime factors of b.
2, 5
What are the prime factors of 6/2 + -4 + (-3105)/(-5)?
2, 5, 31
Suppose -2*s - 4*h + 746 = 0, -11*h = -8*h + 6. List the prime factors of s.
13, 29
Suppose 3*u = 4*u, 33 = r + 3*u. Suppose -r = 5*s - 213. What are the prime factors of -84*(4 + s/(-8))?
2, 3, 7
Let i(z) = 3*z**3 + z + 1. Let g be i(-1). Let d = g - -2. List the prime factors of -9 - -15 - (-4 - d).
3
Suppose -l = 4*l - 20. Suppose -l*y = -5*v - 7*y + 113, -3*v = -5*y - 61. Suppose -25*k = -v*k - 42. List the prime factors of k.
2, 7
Let j be -6*(-1 - 6/(-4)). List the prime factors of 8/j*18/4*-1.
2, 3
Let n be (3/6)/(621/(-622) - -1). Suppose -3*i = -235 - n. What are the prime factors of i?
2, 7, 13
Let q = 0 - -2. Let o(i) = 2*i**2 + 6*i - i**q + 5 - 2*i. What are the prime factors of o(-4)?
5
Let v = -3302 - -4836. What are the prime factors of v?
2, 13, 59
Suppose 0 = -5*v + 3*y + 4054, -y = -6*v + 5*v + 812. List the prime factors of v.
809
Suppose -5*a + 4*u = -2236, -8*a + 4*a + 4*u + 1788 = 0. List the prime factors of a.
2, 7
What are the prime factors of (-1)/(-4 - (-78)/20)?
2, 5
Let j be (-1 - -1) + -1 - -2. Let i be (j - 8)*4/(-7). Suppose 3*t = i*f - 2, 4*t = 2*f + 2*f. List the prime factors of t.
2
Let a = 29 + 181. List the prime factors of a.
2, 3, 5, 7
Let s(k) = -523*k - 26. List the prime factors of s(-10).
2, 1301
Suppose -i - 2 = 0, -4*z + 14958 = 17*i - 18*i. What are the prime factors of z?
3739
Suppose 5*i + 2*f = -44, 4*f - 3 = 3*f. Let s = 1 - i. List the prime factors of s.
11
Suppose 11*o + 62*o - 26499 = 0. What are the prime factors of o?
3, 11
Let s = -302 - -1410. List the prime factors of s.
2, 277
Let y(v) be the third derivative of -v**6/120 + v**5/10 - 5*v**4/24 + v**3/6 + 15*v**2. List the prime factors of y(3).
13
Suppose -6*a + 429 + 381 = 0. Let x = -58 + a. List the prime factors of x.
7, 11
Suppose -43 + 5344 = 19*o. What are the prime factors of o?
3, 31
Suppose -10*i + 19463 = 4593. What are the prime factors of i?
1487
Let q(d) = -d**3 - 5*d**2 - 5*d + 4. Let v be q(-4). Let u(s) = -6*s + 8 + s**2 + 0*s**2 + 3. List the prime factors of u(v).
3
Suppose 9 = -3*y - 0*d + 3*d, -9 = 3*y + d. What are the prime factors of y/9*(-8 + -214)?
2, 37
Let u(f) = f**3 - 14*f**2 - 31*f + 26. What are the prime factors of u(18)?
2, 191
List the prime factors of ((-328)/41)/(4/(-334)).
2, 167
Suppose 2*a - 2*d + 5*d - 48 = 0, 3*d = -a + 18. Suppose 0 = 6*q - 11*q + 420. Suppose -4*l = 2*y - q, 0 = l - 3*y + 8*y - a. List the prime factors of l.
2, 5
Suppose -1 = -3*o - 4*i + 11, 4*o - i + 3 = 0. Let s be 0 + (o + -4)*1. Let m = 28 - s. What are the prime factors of m?
2
What are the prime factors of (-18)/(-4) + -4 - 16114/(-28)?
2, 3
Let w be 1/(-5) + 4176/80. Suppose 50*b - w*b + 62 = 0. List the prime factors of b.
31
Let m = 0 + 6. Suppose 4*x + 100 = m*x. Let i = x - 18. What are the prime factors of i?
2
Let g = 300 + -133. What are the prime factors of g?
167
Suppose -2*g = 4*n - 5262, -10*n = -7*n. List the prime factors of g.
3, 877
List the prime factors of (-10)/75 + 17824/30.
2, 3, 11
Let j = 146 - 207. Let t = 66 + j. List the prime factors of t.
5
Suppose -g - 20 = -14. What are the prime factors of (1 + (-14)/g)*1980/50?
2, 3, 11
Suppose 0 = 3*w + w - 172. Suppose 2*o - w - 47 = 0. List the prime factors of o.
3, 5
Let u(k) = 9*k**2 - 38*k + 147. What are the prime factors of u(23)?
2, 2017
Let s(i) = 8*i - 2. Let x be s(3). Suppose 10 = -5*p + 2*b, -3*p - x = 5*b - 3*b. List the prime factors of (-90)/p - (-1)/(-2).
2, 11
Let x = 5226 + -2045. What are the prime factors of x?
3181
Let r(q) = q**2 - 20*q - 68. What are the prime factors of r(-26)?
2, 3, 47
Suppose 9*z - 20 = 4*z. List the prime factors of 83*3*z/12.
83
Let t(f) = -f**3 - 10*f**2 - 44*f + 16. What are the prime factors of t(-14)?
2, 3, 59
Suppose 0 = 3*i - 4*a - 2029 - 3090, -5*i + 5*a = -8530. List the prime factors of i.
5, 11, 31
Let w = 2 - 9. Let u be 2*4 + 21/w. Suppose 2*h - 43 = -3*m, 3 = m - 10*h + u*h. What are the prime factors of m?
13
Suppose k = -5*s + 17613, 3*k = 5*s - 27670 + 10069. What are the prime factors of s?
2, 3, 587
Let q = 52 - 8. Let i(c) = -5*c**3 - c**2 - c - 1. Let x be i(-1). Suppose 6*a - q = x*a. List the prime factors of a.
2, 11
Let k = -7 + 9. Suppose -k*y = -6 - 60. List the prime factors of y.
3, 11
Suppose 186 = -4*j + 1002. What are the prime factors of j?
2, 3, 17
Let s = 174 + -345. Let r = 341 + s. What are the prime factors of r?
2, 5, 17
Let u be 47*(4 + -15 - -4). Let o = -220 - u. What are the prime factors of o?
109
Let t = 27 - 11. Suppose 800 = t*s - 11*s. Suppose -3*g = 5*r - 160, 5*r - 3*g + 2*g = s. List the prime factors of r.
2
Suppose -137 - 235 = -6*q. Let z = 102 - q. List the prime factors of z.
2, 5
Let p = -14 + 29. Let h = p - 13. Suppose -h*t - 205 = -7*t. List the prime factors of t.
41
Suppose -69 = 3*i - 207. What are the prime factors of i?
2, 23
Let r(j) = 330*j**3 - j**2 + 5*j - 2. What are the prime factors of r(1)?
2, 83
Suppose 2*t - 3246 = 6746. What are the prime factors of t?
2, 1249
Let f = 7 - 7. Suppose 3*p - 61 + 7 = f. Suppose 0 = 4*t - 126 + p. List the prime factors of t.
3
Suppose 2*y + 1035 = 3*i, 424 + 277 = 2*i - 5*y. Let l = -203 + i. What are the prime factors of l?
2, 5, 7
Let a = 136 - 133. Suppose -2*c = 2*x - 534, 590 = 5*c - a*x - 713. What are the prime factors of c?
263
What are the prime factors of (-10 - (-2835)/18)*284/10?
59, 71
Suppose 0 = -5*w + 52*w - 42958. List the prime factors of w.
2, 457
Let f(s) = 3*s - 5. Let i be f(10). Suppose 2*r - i = -3*l, -r - l + 0 = -10. Suppose -2*k = -2*n - 18, 4*k - r*k + 3*n = -19. What are the prime factors of k?
2
Suppose 5*u - 28 = 32. Let a(v) = -3*v - 12. Let d be a(-4). What are the prime factors of 0 - (d + u/(-1))?
2, 3
Let v(w) = -w + 10. Let s be v(7). Suppose -23 = 2*a + s. What are the prime factors of (1 - a) + 7 + -11?
2, 5
Suppose z - 2*z + 4 = 0. Suppose -u = 4*p - 196, 3*u + 66 = z*p - 114. List the prime factors of p.
2, 3
Let y = 4 - 0. Let t be (-738)/(-66) - y/22. Suppose 8*a = 7*a + 4*k + t, -5*a + 131 = -k. What are the prime factors of a?
3
Suppose -f - 5*w = -8, 4 = 2*f - 4*w + 2. Let t be -1 - (-54)/(f - 2). Let q = -25 + t. What are the prime factors of q?
2, 7
Let r(s) = 3*s**2 + 11*s - 3. Let d(g) = -g**2 - 4*g + 1. Let n(m) = 11*d(m) + 4*r(m). Let x be n(1). List the prime factors of -1 - (x + -4 - 26).
29
Let c(v) = -54*v**2 + v + 56*v**2 + 7 + 2. List the prime factors of c(-5).
2, 3
What are the prime factors of (-1)/4*-1604 - (0 + 3)?
2, 199
Let a = -568 + 1251. What are the prime factors of a?
683
Let f = 2 + -3. Let w be (10/20)/(f/34). Let c = w - -34. What are the prime factors of c?
17
Suppose -9*m = -10 - 8. Suppose -m*x = x - 252. What are the prime factors of x?
2, 3, 7
Let u be (9/(-18))/((-1)/(-186)). Let t = 136 + u. What are the prime factors of t?
43
Suppose -6 - 4 = -5*p. Let u be 3*1/((-3)/4). What are the prime factors of (p/u)/(1/(-14))?
7
Let j(v) be the second derivative of v**4/12 - 5*v**3/3 + v**2 - 11*v. Let m be j(11). Let t = m + 5. What are the prime factors of t?
2, 3
What are the prime factors of 16/(-14) - (-35110)/35?
2, 3, 167
Let p(u) be the third derivative of u**7/5040 + u**6/72 - 13*u**5/60 + 4*u**2. Let i(b) be the third derivative of p(b). List the prime factors of i(0).
2, 5
Suppose -2*w + 2*d + 10 = -w, 5*w - 4*d - 26 = 0. Suppose 4*n + 216 = w*j - 106, -8 = -4*n. List the prime factors of j.
3, 5, 11
Let i(g) = -g**2 - 14*g + 8. Let t be 1 + (-7)/(14/(-18)). Let r be (4/t)/((-4)/100). What are the prime factors of i(r)?
2, 3
Let s(f) = f + 2. Let l = 2 - -4. List the prime factors of s(l).
2
Suppose 460 = -5*v - 4*c, 0 = -3*c - 6 - 9. Let l = 62 + v. Let b = l - -36. List the prime factors of b.
2, 5
Let w = -37 + 27. Suppose 0 = 2*p - 7*i + 2*i + 45, 4*p = 4*i - 72. List the prime fact